) = 177*v - 168 + 166*v - 338*v. List the prime factors of p(38).
2, 11
Suppose -1 = 3*x - 5*w, 29*w = 26*w + 6. Suppose -254 = -4*j - x*y + 4751, 2*y + 3758 = 3*j. What are the prime factors of j?
2, 313
Let z = 13084 - -12494. What are the prime factors of z?
2, 3, 7, 29
Suppose 11570 = 5*z - m, -3600 - 1028 = -2*z + m. List the prime factors of z.
2, 13, 89
List the prime factors of 12714/2 - -3 - (-23 - -28).
5, 31, 41
Let c = 38 - 29. Let v be ((-11)/(-2) - 1)*678/c. What are the prime factors of (-1 + 2)/((3/v)/1)?
113
Let y be -3*((-356)/(-12) + -1). Let t be 2/((7/y)/7). Let o = t + 255. List the prime factors of o.
83
Let y = 177 - 174. Suppose 4214 = y*b + 11*b. List the prime factors of b.
7, 43
Let w(p) = 31*p + 377. Let b(o) = 5*o**2 + 7*o. Let j be b(-2). What are the prime factors of w(j)?
563
Suppose 3*b + 0*b + 1125 = 0. Suppose n - 658 = 5*g, -n + 4*g + 809 = 154. Let k = b + n. What are the prime factors of k?
2, 67
Let h be -15*((-1 - -1) + -1). Let g(n) be the first derivative of n**3/3 - 6*n**2 - 5*n - 371. List the prime factors of g(h).
2, 5
Suppose -2*i + 39555 = -3*o, -4*i + o = 10473 - 89588. List the prime factors of i.
3, 19, 347
Suppose 4*w = 1645 + 491. Suppose -11*c + 8*c = -w. What are the prime factors of c?
2, 89
Suppose 9 + 13 = 2*l. Suppose -2766 = 5*m - l*m. What are the prime factors of m?
461
Let z(u) = -3*u - 2. Let c be z(-2). Suppose 2*s = -2*s - c*y + 12, 0 = -5*s + 2*y + 50. Suppose 0 = s*i - 11*i + 213. List the prime factors of i.
71
Suppose 4*i + 4*v + 3 + 1 = 0, 4*i = -3*v - 1. Suppose -i*s - 604 = -6*s. Suppose -s = -4*o + 45. What are the prime factors of o?
7
Let j be (2 + 3)*-4*2/(-4). List the prime factors of (-996)/(-10)*j*(-2)/(-8).
3, 83
Let n = 90 - -113. Suppose -770 = -n*h + 201*h. List the prime factors of h.
5, 7, 11
Suppose 45702 = 5*x + 2*f, 0 = -x + 4*f + 4247 + 4911. What are the prime factors of x?
2, 7, 653
Suppose -q - 1 = -b, -3*q = -2 - 1. What are the prime factors of b + 2 + -11 + 224?
7, 31
Let b = 620 - 251. Suppose 9*m - 4050 = -b. What are the prime factors of m?
409
Suppose -18 = -5*q + 2. Suppose -3*s + 10 = 5*h - 4, -5*h + 3*s - q = 0. What are the prime factors of -3 + (h - -6) + 99?
103
List the prime factors of (71 - -4)*(-41784)/(-72).
5, 1741
Let r(y) = y**3 - 4*y + 3. Let d be r(2). Suppose -3*w - 4*x = -426, -6*w + 561 = -2*w + d*x. What are the prime factors of w?
2, 3, 23
Suppose 4*x = -b - 3*b - 8888, 3*x - 2206 = b. Let r = -1333 - b. What are the prime factors of r?
3, 5, 59
Suppose l = 2*d + 15, 0 = -4*l - 17*d + 20*d + 35. Suppose -4*w - 3*p + 1991 = 0, -2*w + 275 + 738 = l*p. What are the prime factors of w?
2, 13, 19
Suppose 3*j = -3*j + 12. Suppose -j*k - 1560 = -2*w, 2*w - k - 1532 = -6*k. List the prime factors of w.
2, 97
Let b(h) be the first derivative of -3*h**4 - 2*h**3/3 + 2*h**2 - 5*h + 39. List the prime factors of b(-3).
17
Let v(s) = s**2 + 19*s + 24. Let d be v(-18). Suppose 0*l = 3*l - d. Suppose -l*w + 170 = -54. What are the prime factors of w?
2, 7
List the prime factors of 31783 + (-70*(-3)/50 - 12/10).
2, 23, 691
Let p be 3316 + (-3 - (-4 - 2)). Suppose 4*n + 4*q + 807 - p = 0, 3*q + 12 = 0. What are the prime factors of n?
2, 79
Suppose 3*s = -2*u - s + 82, -3*u = -2*s - 131. Let n = u - -52. Suppose 2*z - n = 261. List the prime factors of z.
2, 89
Let a(w) = -37*w + 340. Let h be a(8). Suppose -3288 = 36*i - h*i. List the prime factors of i.
3, 137
Let f(k) = 35*k**2 + 24*k - 17. List the prime factors of f(-9).
2, 1301
Let z(p) = -11*p**3 + p - 2 + 2*p**2 + 0 + 67*p**3. Let l be -7*(-2 - 52/(-28)). List the prime factors of z(l).
3, 19
Suppose 6*k - 3638 = 838. Suppose -k = -4*b + 3*l, 2*b + b + l - 566 = 0. What are the prime factors of b?
2, 47
List the prime factors of 188 + 6187 - (45/(-10) - (-2)/(-4)).
2, 5, 11, 29
Suppose -3*z = -u - 4 + 8, 12 = 3*u. Suppose 0 = 3*h - z*h - 1053. What are the prime factors of h?
3, 13
Let s = -32 - -36. Suppose 0 = -s*i - 5*x, -3*i = -5*x - 17 - 18. Suppose 26 = i*b - y, 0*b + 4 = 2*b - 2*y. List the prime factors of b.
2, 3
Let l(c) = 2*c**2 + 136*c + 138. List the prime factors of l(-85).
2, 757
Suppose j - 7*j = -4314. What are the prime factors of (-3 - -1) + (j - (-63)/(-7))?
2, 3, 59
Suppose s = 39*g - 34*g - 5, -19 = -3*s - 2*g. Suppose -b + s = -435. What are the prime factors of b?
2, 5, 11
Let i be ((-4)/(-18))/((-14)/(-252)). What are the prime factors of 8 + (167 - i) - 5?
2, 83
Let g(r) = -r**2 + 4*r + 24. Let i be g(6). Suppose 4*b + i = 20. Suppose 3*u + 127 = b*o, -2*o - o = -5*u - 191. What are the prime factors of o?
2, 31
Let a be 0/13 + 12 + -2. Let p(n) = -2*n**2 + 20*n + 2. Let w be p(a). Suppose w*u + f - 210 = 0, -4*u + 283 + 117 = -3*f. What are the prime factors of u?
103
Suppose 5*n + 15 = 0, 173217 = 4*k - 10*n + 7*n. What are the prime factors of k?
2, 3, 7, 1031
Suppose 438*w + 1597097 - 18675593 = 0. List the prime factors of w.
2, 2437
List the prime factors of ((-177807)/(-28) - (-15)/20)/3.
29, 73
What are the prime factors of 23257 + 0 - -4*(4 - 3)?
7, 3323
Suppose -52*h + 613285 + 1389270 - 342559 = 0. List the prime factors of h.
3, 3547
Let r(i) be the third derivative of -19*i**4/12 - 6*i**3 - i**2 - 4. What are the prime factors of r(-10)?
2, 43
Suppose -78 = 7*n + 426. Suppose t - 134 + 13 = 0. Let j = t + n. List the prime factors of j.
7
Let r = 87206 - 21926. List the prime factors of r.
2, 3, 5, 17
Suppose -22*n = -39*n - 27*n + 346588. List the prime factors of n.
7877
Suppose v - 4*w = 4*v + 406, -3*v = w + 412. Suppose -3*b = n - 6*n - 946, -5*b = 3*n - 1656. Let q = b + v. What are the prime factors of q?
3, 7
Let i(l) = 3*l**2 - 7*l + 4. Let a be i(4). Suppose 0 = -2*h + 19 + 81. Suppose -h = -29*c + a*c. List the prime factors of c.
2, 5
List the prime factors of 27/6 + (-228084)/(-8).
3, 5, 1901
Let d(v) = 310*v**2 + 9*v + 10. Let n be d(-2). Let q = 1805 - n. What are the prime factors of q?
3, 191
Suppose 16*s - 8*s - 19452 = 53084. What are the prime factors of s?
9067
Let k = -8678 + 21678. List the prime factors of k.
2, 5, 13
Let u(j) be the second derivative of j**4/12 + 2*j**3/3 - 9*j**2/2 + j. Suppose -69*s - 729 = -39. List the prime factors of u(s).
3, 17
Let g(d) = 4*d - 1. Let h be g(1). Suppose -h*l = c + 77, -4*l - 5*c = -c + 108. Let k = l - -93. List the prime factors of k.
2, 17
Let i(y) = 6591*y - 3976. List the prime factors of i(5).
28979
Let v be 777*(-2)/(-30)*5. Let h = v - -74. What are the prime factors of h?
3, 37
Suppose 457584 - 169250 = -76*o + 1789258. List the prime factors of o.
3, 29, 227
Let k = 15129 + 511. List the prime factors of k.
2, 5, 17, 23
List the prime factors of -25370*4*(-38)/95.
2, 43, 59
Let s(a) = -a**3 + 18*a**2 + 43*a - 15. Suppose -159*v + 40 = -157*v. What are the prime factors of s(v)?
3, 5
Let s = -2264 - -1513. Let u = s - -1251. List the prime factors of u.
2, 5
Let b(h) be the second derivative of h**4/4 - 7*h**3/3 + 17*h**2/2 - 64*h. What are the prime factors of b(5)?
2, 11
Let n(k) = 36*k**2 - 4*k - 182. What are the prime factors of n(15)?
2, 3929
Let n be ((-9)/6)/(-1 + 4)*0. Suppose 4*p + 14 + 482 = n. Let f = 86 - p. List the prime factors of f.
2, 3, 5, 7
Suppose -507 = -3*h + 255. Let i = h + -6. What are the prime factors of i?
2, 31
Suppose -2*b + 5 = -3*j + 1, -2 = -2*b + 2*j. Let v(k) = 158*k**2 + 9*k + 9. List the prime factors of v(b).
2, 79
Suppose -k + 30331 = -4*a, -3*a - 2*a - 151625 = -5*k. What are the prime factors of k?
30323
Let r be (-5 + (-7)/(-5))/((-5)/225). Suppose -r*m = -166*m + 932. What are the prime factors of m?
233
Let p(m) = 52*m + 31. Let x be 84/(-8)*8/(-7). What are the prime factors of p(x)?
5, 131
Let i(v) = 399*v**2 - 7*v + 10. Let y be i(-3). What are the prime factors of (y/(-2) - 1)*(-27)/81?
2, 151
Suppose 10*i = i + 8739. What are the prime factors of i?
971
Suppose 0*u - 3*u - 3*i = 0, -5*i = 15. Suppose -2*a = -0*a - r - 955, u*a = 5*r + 1450. List the prime factors of a.
5, 19
Suppose 2*o = 5*z - 2*z - 1522, 2027 = 4*z - 5*o. Let m = z - 165. What are the prime factors of m?
7
Suppose -5*u + 897 = 4*r - 223, -4*r - 1160 = -5*u. What are the prime factors of u - 6*(-4)/6?
2, 29
Let k = 59 + -57. Suppose -104 = k*f - 5*l